367 prime?
False
Is 18882733171 prime?
True
Is 27092373551 prime?
True
Is 86711583337 prime?
False
Is 115818149 composite?
True
Is 8098116421 a composite number?
False
Is 132654373177 prime?
True
Is 8472879263 a composite number?
True
Is 4329233033 a composite number?
False
Is 527741939 composite?
False
Is 111218053 a prime number?
False
Is 123178403 composite?
True
Is 135719613427 prime?
False
Is 5837368279 a prime number?
False
Is 3562927639 a prime number?
False
Is 2731197145 composite?
True
Is 116512307 composite?
True
Is 51432046142 a prime number?
False
Is 10881602903 composite?
False
Is 4509775553 prime?
True
Is 184763360347 a prime number?
False
Is 6035662351 composite?
False
Is 3660085157 a composite number?
True
Is 7987065197 a composite number?
False
Is 19542256021 prime?
False
Is 1554450019 a prime number?
False
Is 1383199837 a composite number?
True
Is 3203752465 a composite number?
True
Is 28249145497 a composite number?
True
Is 1221261829 composite?
True
Is 27367575493 a composite number?
False
Is 24667865777 a prime number?
False
Is 520429187 prime?
False
Is 40418891861 prime?
False
Is 137201501 a composite number?
True
Is 22172340173 a prime number?
False
Is 8526115759 a composite number?
True
Is 4159197561 a prime number?
False
Is 741689943 prime?
False
Is 250383994759 a composite number?
False
Is 135548011261 a composite number?
True
Is 559145811977 prime?
True
Is 808212557 composite?
True
Is 223079693 a prime number?
True
Is 24731281565 a composite number?
True
Is 4302104333 a prime number?
True
Is 8964371219 a composite number?
False
Is 32278044221 prime?
False
Is 277215287 composite?
False
Is 25908534265 composite?
True
Is 20263222703 composite?
False
Is 5083389977 a prime number?
False
Is 15537878747 prime?
True
Is 731896423 prime?
True
Is 21972164587 a composite number?
False
Is 943621259 a prime number?
False
Is 4059847317 a prime number?
False
Is 16704191671 composite?
True
Is 648387851 a prime number?
True
Is 1788711599 prime?
True
Is 835322317 a composite number?
True
Is 57849447445 a composite number?
True
Is 67749613 a composite number?
False
Is 5339635843 a prime number?
False
Is 1803134497 a composite number?
True
Is 2173567 a prime number?
False
Is 844099867 prime?
False
Is 8146855601 composite?
False
Is 8337927019 a prime number?
True
Is 10145635451 prime?
False
Is 6415263887 composite?
False
Is 239783851 a prime number?
False
Is 17350081387 a prime number?
True
Is 9130844699 a prime number?
True
Is 50896843 composite?
False
Is 3457283509 a composite number?
False
Is 26693531077 a prime number?
False
Is 7125494221 prime?
False
Is 649013593 composite?
True
Is 2175619373 a composite number?
False
Is 65034703 a composite number?
True
Is 3949636963 a composite number?
True
Is 67761971 a composite number?
True
Is 34036908413 prime?
False
Is 4246674209 prime?
True
Is 5059181377 composite?
False
Is 125293577 a composite number?
True
Is 2939419129 prime?
True
Is 10229769581 composite?
False
Is 508042913 prime?
False
Is 47221431317 prime?
True
Is 47005431881 prime?
False
Is 22976568629 prime?
False
Is 53339448203 prime?
True
Is 1223759599 composite?
False
Is 8539561621 a composite number?
True
Is 2127359951 prime?
False
Is 156113267 composite?
True
Is 3261251183 composite?
False
Is 858696577 a composite number?
False
Is 933084877 prime?
False
Is 1044423137 composite?
True
Is 29929922639 a composite number?
False
Is 14742575629 a composite number?
True
Is 3907621799 composite?
False
Is 128757909943 a prime number?
False
Is 7886059789 a composite number?
False
Is 13072739357 a composite number?
False
Is 3365687177 composite?
False
Is 642647777 composite?
False
Is 23921501 composite?
True
Is 1120063459 a composite number?
False
Is 2775079969 a composite number?
False
Is 1527152609 a composite number?
True
Is 1723422839 composite?
True
Is 10558217669 a prime number?
True
Is 365389859 composite?
True
Is 7818081109 composite?
False
Is 6267680213 composite?
True
Is 904751597 prime?
True
Is 78365011 composite?
False
Is 27286954809 composite?
True
Is 4345273501 prime?
True
Is 8451388131 composite?
True
Is 63206464549 a composite number?
False
Is 2576305699 prime?
False
Is 35478643667 composite?
False
Is 37817786813 prime?
True
Is 2978126597 composite?
False
Is 331856257 a prime number?
True
Is 10381170023 a composite number?
True
Is 8934552301 a composite number?
False
Is 844587763 a prime number?
True
Is 1513934281 a composite number?
True
Is 1158355259 a composite number?
False
Is 1413807253 a prime number?
True
Is 649451083 composite?
False
Is 7435333427 prime?
True
Is 27321743 composite?
False
Is 186389369 a prime number?
False
Is 6355889251 a prime number?
True
Is 434512909 a prime number?
True
Is 33411392647 prime?
False
Is 58537611331 prime?
True
Is 289939409 a prime number?
True
Is 6060196073 a prime number?
False
Is 2555359523 a prime number?
True
Is 20298926671 a composite number?
True
Is 29629899557 a composite number?
True
Is 7128436831 composite?
False
Is 2068228051 prime?
False
Is 3117562639 prime?
True
Is 926745763 prime?
True
Is 15689958055 prime?
False
Is 275689475839 prime?
False
Is 525580723 a composite number?
True
Is 78580271311 a prime number?
True
Is 8789063039 a prime number?
True
Is 42153526219 a composite number?
True
Is 5811882607 a prime number?
True
Is 5178307163 a composite number?
False
Is 18669201905 prime?
False
Is 11595475027 composite?
False
Is 368716421 a composite number?
False
Is 17065126007 prime?
True
Is 23090537479 a composite number?
True
Is 1909533341 a prime number?
True
Is 243610789 a prime number?
True
Is 16008907853 a composite number?
False
Is 35330950181 a composite number?
False
Is 2042778943 a prime number?
True
Is 429757033 a prime number?
True
Is 49018758973 a composite number?
False
Is 376309939 a prime number?
True
Is 883922569 a prime number?
False
Is 118397423 a prime number?
True
Is 1646474087 a prime number?
False
Is 496985319869 prime?
True
Is 1546419311 a prime number?
True
Is 5707493 composite?
True
Is 31429392703 a composite number?
False
Is 319342559 a prime number?
True
Is 1553966143 composite?
True
Is 81885008431 a prime number?
True
Is 59054966797 prime?
True
Is 613040879 composite?
True
Is 13209074855 prime?
False
Is 1025866747 a composite number?
True
Is 40981486187 prime?
True
Is 50448396599 composite?
False
Is 34655239999 prime?
False
Is 445011419 a prime number?
False
Is 3513381551 composite?
True
Is 2965219451 a prime number?
True
Is 3380389 a composite number?
True
Is 7236426277 prime?
True
Is 7527874061 composite?
False
Is 1980862837 prime?
True
Is 16754275309 a composite number?
True
Is 2459858021 a composite number?
False
Is 139537451483 composite?
True
Is 2143459947 composite?
True
Is 24193721 prime?
True
Is 22459134289 a prime number?
False
Is 20239062973 a prime number?
True
Is 728687989 a prime number?
True
Is 63916623383 prime?
True
Is 77502937 a prime number?
True
Is 1036228019 prime?
True
Is 68610308579 prime?
False
Is 198111763 prime?
True
Is 5895399815 prime?
False
Is 39466280423 a composite number?
False
Is 8352010931 prime?
False
Is 2616349 composite?
True
Is 361670628757 prime?
True
Is 13209935087 a composite number?
True
Is 3940103527 prime?
False
Is 9024803257 composite?
True
Is 23635817 a prime number?
True
Is 720888629 a prime number?
False
Is 4673831711 prime?
True
Is 4619070709 a composite number?
True
Is 175372971 composite?
True
Is 341518679 prime?
True
Is 1629864053 prime?
False
Is 50097959 a composite number?
False
Is 173928661 prime?
False
Is 728142341 composite?
False
Is 6014091971 composite?
False
Is 3622106977 a composite number?
False
Is 6004198021 prime?
True
Is 25794450443 a composite number?
True
Is 3519844861 a prime number?
False
Is 65608523 a composite number?
True
Is 796723937 composite?
True
Is 3420206851 composite?
True
Is 37849169 a composite number?
False
Is 61504588641 a composite number?
True
Is 677117333 composite?
False
Is 8200388473 prime?
False
Is 191509357 prime?
False
Is 29974120003 composite?
False
Is 37510855771 prime?
True
Is 131637977 a composite number?
False
Is 3244444363 a prime number?
True
Is 91234366043 a prime number?
True
Is 1472467603 a prime number?
True
Is 134343313571 a composite number